{"version":"1.0","provider_name":"Dessein Architectes","provider_url":"https:\/\/dessein-architectes.com","author_name":"admin8619","author_url":"https:\/\/dessein-architectes.com\/index.php\/author\/admin8619\/","title":"BATIMENT VIE SCOLAIRE - Dessein Architectes","type":"rich","width":600,"height":338,"html":"<blockquote class=\"wp-embedded-content\" data-secret=\"JnGk6hHvkX\"><a href=\"https:\/\/dessein-architectes.com\/index.php\/portfolio-item\/batiment-vie-scolaire\/\">BATIMENT VIE SCOLAIRE<\/a><\/blockquote><iframe sandbox=\"allow-scripts\" security=\"restricted\" src=\"https:\/\/dessein-architectes.com\/index.php\/portfolio-item\/batiment-vie-scolaire\/embed\/#?secret=JnGk6hHvkX\" width=\"600\" height=\"338\" title=\"\u00ab\u00a0BATIMENT VIE SCOLAIRE\u00a0\u00bb &#8212; Dessein Architectes\" data-secret=\"JnGk6hHvkX\" frameborder=\"0\" marginwidth=\"0\" marginheight=\"0\" scrolling=\"no\" class=\"wp-embedded-content\"><\/iframe><script type=\"text\/javascript\">\n\/* <![CDATA[ *\/\n\/*! This file is auto-generated *\/\n!function(d,l){\"use strict\";l.querySelector&&d.addEventListener&&\"undefined\"!=typeof URL&&(d.wp=d.wp||{},d.wp.receiveEmbedMessage||(d.wp.receiveEmbedMessage=function(e){var t=e.data;if((t||t.secret||t.message||t.value)&&!\/[^a-zA-Z0-9]\/.test(t.secret)){for(var s,r,n,a=l.querySelectorAll('iframe[data-secret=\"'+t.secret+'\"]'),o=l.querySelectorAll('blockquote[data-secret=\"'+t.secret+'\"]'),c=new RegExp(\"^https?:$\",\"i\"),i=0;i<o.length;i++)o[i].style.display=\"none\";for(i=0;i<a.length;i++)s=a[i],e.source===s.contentWindow&&(s.removeAttribute(\"style\"),\"height\"===t.message?(1e3<(r=parseInt(t.value,10))?r=1e3:~~r<200&&(r=200),s.height=r):\"link\"===t.message&&(r=new URL(s.getAttribute(\"src\")),n=new URL(t.value),c.test(n.protocol))&&n.host===r.host&&l.activeElement===s&&(d.top.location.href=t.value))}},d.addEventListener(\"message\",d.wp.receiveEmbedMessage,!1),l.addEventListener(\"DOMContentLoaded\",function(){for(var e,t,s=l.querySelectorAll(\"iframe.wp-embedded-content\"),r=0;r<s.length;r++)(t=(e=s[r]).getAttribute(\"data-secret\"))||(t=Math.random().toString(36).substring(2,12),e.src+=\"#?secret=\"+t,e.setAttribute(\"data-secret\",t)),e.contentWindow.postMessage({message:\"ready\",secret:t},\"*\")},!1)))}(window,document);\n\/\/# sourceURL=https:\/\/dessein-architectes.com\/wp-includes\/js\/wp-embed.min.js\n\/* ]]> *\/\n<\/script>\n","thumbnail_url":"http:\/\/dessein-architectes.com\/wp-content\/uploads\/2025\/12\/Mise-en-avant-BATIMENT-VIE-SCOLAIRE-scaled.jpg","thumbnail_width":1706,"thumbnail_height":2560,"description":"B\u00e2timent de vie scolaire \u2013 Coll\u00e8ge Saint Fran\u00e7ois de Sales \u00e0 Chamb\u00e9ry (73) Situ\u00e9 au sein du coll\u00e8ge Saint Fran\u00e7ois de Sales \u00e0 Chamb\u00e9ry, ce b\u00e2timent de vie scolaire compl\u00e8te l\u2019ensemble p\u00e9dagogique par un lieu d\u00e9di\u00e9 \u00e0 la convivialit\u00e9, aux temps calmes et aux usages collectifs. Son architecture contemporaine, volontairement basse et largement vitr\u00e9e, s\u2019ins\u00e8re [&hellip;]"}

Bâtiment de vie scolaire – Collège Saint François de Sales à Chambéry (73) Situé au sein du collège Saint François de Sales à Chambéry, ce bâtiment de vie scolaire complète l’ensemble pédagogique par un lieu dédié à la convivialité, aux temps calmes et aux usages collectifs. Son architecture contemporaine, volontairement basse et largement vitrée, s’insère [&hellip;]
