{"version":"1.0","provider_name":"Dessein Architectes","provider_url":"https:\/\/dessein-architectes.com","author_name":"admin8619","author_url":"https:\/\/dessein-architectes.com\/index.php\/author\/admin8619\/","title":"COLLEGE ST FRANCOIS DE SALLES - Dessein Architectes","type":"rich","width":600,"height":338,"html":"<blockquote class=\"wp-embedded-content\" data-secret=\"XPUjtA6vk9\"><a href=\"https:\/\/dessein-architectes.com\/index.php\/portfolio-item\/college-st-francois-de-salles\/\">COLLEGE ST FRANCOIS DE SALLES<\/a><\/blockquote><iframe sandbox=\"allow-scripts\" security=\"restricted\" src=\"https:\/\/dessein-architectes.com\/index.php\/portfolio-item\/college-st-francois-de-salles\/embed\/#?secret=XPUjtA6vk9\" width=\"600\" height=\"338\" title=\"\u00ab\u00a0COLLEGE ST FRANCOIS DE SALLES\u00a0\u00bb &#8212; Dessein Architectes\" data-secret=\"XPUjtA6vk9\" frameborder=\"0\" marginwidth=\"0\" marginheight=\"0\" scrolling=\"no\" class=\"wp-embedded-content\"><\/iframe><script type=\"text\/javascript\">\n\/* <![CDATA[ *\/\n\/*! This file is auto-generated *\/\n!function(d,l){\"use strict\";l.querySelector&&d.addEventListener&&\"undefined\"!=typeof URL&&(d.wp=d.wp||{},d.wp.receiveEmbedMessage||(d.wp.receiveEmbedMessage=function(e){var t=e.data;if((t||t.secret||t.message||t.value)&&!\/[^a-zA-Z0-9]\/.test(t.secret)){for(var s,r,n,a=l.querySelectorAll('iframe[data-secret=\"'+t.secret+'\"]'),o=l.querySelectorAll('blockquote[data-secret=\"'+t.secret+'\"]'),c=new RegExp(\"^https?:$\",\"i\"),i=0;i<o.length;i++)o[i].style.display=\"none\";for(i=0;i<a.length;i++)s=a[i],e.source===s.contentWindow&&(s.removeAttribute(\"style\"),\"height\"===t.message?(1e3<(r=parseInt(t.value,10))?r=1e3:~~r<200&&(r=200),s.height=r):\"link\"===t.message&&(r=new URL(s.getAttribute(\"src\")),n=new URL(t.value),c.test(n.protocol))&&n.host===r.host&&l.activeElement===s&&(d.top.location.href=t.value))}},d.addEventListener(\"message\",d.wp.receiveEmbedMessage,!1),l.addEventListener(\"DOMContentLoaded\",function(){for(var e,t,s=l.querySelectorAll(\"iframe.wp-embedded-content\"),r=0;r<s.length;r++)(t=(e=s[r]).getAttribute(\"data-secret\"))||(t=Math.random().toString(36).substring(2,12),e.src+=\"#?secret=\"+t,e.setAttribute(\"data-secret\",t)),e.contentWindow.postMessage({message:\"ready\",secret:t},\"*\")},!1)))}(window,document);\n\/\/# sourceURL=https:\/\/dessein-architectes.com\/wp-includes\/js\/wp-embed.min.js\n\/* ]]> *\/\n<\/script>\n","thumbnail_url":"http:\/\/dessein-architectes.com\/wp-content\/uploads\/2025\/12\/Mise-en-avant-COLLEGE-ST-FRANCOIS-scaled.jpg","thumbnail_width":1706,"thumbnail_height":2560,"description":"B\u00e2timent de classes \u2013 Coll\u00e8ge Saint Fran\u00e7ois de Sales \u00e0 Chamb\u00e9ry (73) Ce b\u00e2timent de classes r\u00e9alis\u00e9 pour le coll\u00e8ge Saint Fran\u00e7ois de Sales \u00e0 Chamb\u00e9ry se distingue par une architecture scolaire claire, lisible et tr\u00e8s fonctionnelle. La composition privil\u00e9gie une \u00e9criture horizontale, avec des plateaux superpos\u00e9s et des coursives ext\u00e9rieures qui structurent les circulations [&hellip;]"}

Bâtiment de classes – Collège Saint François de Sales à Chambéry (73) Ce bâtiment de classes réalisé pour le collège Saint François de Sales à Chambéry se distingue par une architecture scolaire claire, lisible et très fonctionnelle. La composition privilégie une écriture horizontale, avec des plateaux superposés et des coursives extérieures qui structurent les circulations [&hellip;]
