{"version":"1.0","provider_name":"Dessein Architectes","provider_url":"https:\/\/dessein-architectes.com","author_name":"admin8619","author_url":"https:\/\/dessein-architectes.com\/index.php\/author\/admin8619\/","title":"ESPACE CULTUREL CHATEL - Dessein Architectes","type":"rich","width":600,"height":338,"html":"<blockquote class=\"wp-embedded-content\" data-secret=\"b4KWjX6SIC\"><a href=\"https:\/\/dessein-architectes.com\/index.php\/portfolio-item\/espace-culturel-chatel\/\">ESPACE CULTUREL CHATEL<\/a><\/blockquote><iframe sandbox=\"allow-scripts\" security=\"restricted\" src=\"https:\/\/dessein-architectes.com\/index.php\/portfolio-item\/espace-culturel-chatel\/embed\/#?secret=b4KWjX6SIC\" width=\"600\" height=\"338\" title=\"\u00ab\u00a0ESPACE CULTUREL CHATEL\u00a0\u00bb &#8212; Dessein Architectes\" data-secret=\"b4KWjX6SIC\" frameborder=\"0\" marginwidth=\"0\" marginheight=\"0\" scrolling=\"no\" class=\"wp-embedded-content\"><\/iframe><script type=\"text\/javascript\">\n\/* <![CDATA[ *\/\n\/*! This file is auto-generated *\/\n!function(d,l){\"use strict\";l.querySelector&&d.addEventListener&&\"undefined\"!=typeof URL&&(d.wp=d.wp||{},d.wp.receiveEmbedMessage||(d.wp.receiveEmbedMessage=function(e){var t=e.data;if((t||t.secret||t.message||t.value)&&!\/[^a-zA-Z0-9]\/.test(t.secret)){for(var s,r,n,a=l.querySelectorAll('iframe[data-secret=\"'+t.secret+'\"]'),o=l.querySelectorAll('blockquote[data-secret=\"'+t.secret+'\"]'),c=new RegExp(\"^https?:$\",\"i\"),i=0;i<o.length;i++)o[i].style.display=\"none\";for(i=0;i<a.length;i++)s=a[i],e.source===s.contentWindow&&(s.removeAttribute(\"style\"),\"height\"===t.message?(1e3<(r=parseInt(t.value,10))?r=1e3:~~r<200&&(r=200),s.height=r):\"link\"===t.message&&(r=new URL(s.getAttribute(\"src\")),n=new URL(t.value),c.test(n.protocol))&&n.host===r.host&&l.activeElement===s&&(d.top.location.href=t.value))}},d.addEventListener(\"message\",d.wp.receiveEmbedMessage,!1),l.addEventListener(\"DOMContentLoaded\",function(){for(var e,t,s=l.querySelectorAll(\"iframe.wp-embedded-content\"),r=0;r<s.length;r++)(t=(e=s[r]).getAttribute(\"data-secret\"))||(t=Math.random().toString(36).substring(2,12),e.src+=\"#?secret=\"+t,e.setAttribute(\"data-secret\",t)),e.contentWindow.postMessage({message:\"ready\",secret:t},\"*\")},!1)))}(window,document);\n\/\/# sourceURL=https:\/\/dessein-architectes.com\/wp-includes\/js\/wp-embed.min.js\n\/* ]]> *\/\n<\/script>\n","thumbnail_url":"http:\/\/dessein-architectes.com\/wp-content\/uploads\/2025\/12\/Mise-en-avant-CENTRE-CHATEL-scaled.jpg","thumbnail_width":1706,"thumbnail_height":2560,"description":"Centre culturel de Ch\u00e2tel : un \u00e9quipement public ancr\u00e9 dans le relief Implant\u00e9 au c\u0153ur de Ch\u00e2tel, ce projet de centre culturel s\u2019inscrit dans un site de montagne particuli\u00e8rement escarp\u00e9, \u00e0 la rencontre de plusieurs voies structurantes. L\u2019enjeu architectural est double : absorber le d\u00e9nivel\u00e9 et la complexit\u00e9 d\u2019un programme dense, tout en cr\u00e9er un [&hellip;]"}

Centre culturel de Châtel : un équipement public ancré dans le relief Implanté au cœur de Châtel, ce projet de centre culturel s’inscrit dans un site de montagne particulièrement escarpé, à la rencontre de plusieurs voies structurantes. L’enjeu architectural est double : absorber le dénivelé et la complexité d’un programme dense, tout en créer un [&hellip;]
