{"version":"1.0","provider_name":"Dessein Architectes","provider_url":"https:\/\/dessein-architectes.com","author_name":"admin8619","author_url":"https:\/\/dessein-architectes.com\/index.php\/author\/admin8619\/","title":"LOGEMENTS - PEARL OF EVIAN - Dessein Architectes","type":"rich","width":600,"height":338,"html":"<blockquote class=\"wp-embedded-content\" data-secret=\"0flf73T967\"><a href=\"https:\/\/dessein-architectes.com\/index.php\/portfolio-item\/logements-pearl-of-evian\/\">LOGEMENTS &#8211; PEARL OF EVIAN<\/a><\/blockquote><iframe sandbox=\"allow-scripts\" security=\"restricted\" src=\"https:\/\/dessein-architectes.com\/index.php\/portfolio-item\/logements-pearl-of-evian\/embed\/#?secret=0flf73T967\" width=\"600\" height=\"338\" title=\"\u00ab\u00a0LOGEMENTS &#8211; PEARL OF EVIAN\u00a0\u00bb &#8212; Dessein Architectes\" data-secret=\"0flf73T967\" frameborder=\"0\" marginwidth=\"0\" marginheight=\"0\" scrolling=\"no\" class=\"wp-embedded-content\"><\/iframe><script type=\"text\/javascript\">\n\/* <![CDATA[ *\/\n\/*! This file is auto-generated *\/\n!function(d,l){\"use strict\";l.querySelector&&d.addEventListener&&\"undefined\"!=typeof URL&&(d.wp=d.wp||{},d.wp.receiveEmbedMessage||(d.wp.receiveEmbedMessage=function(e){var t=e.data;if((t||t.secret||t.message||t.value)&&!\/[^a-zA-Z0-9]\/.test(t.secret)){for(var s,r,n,a=l.querySelectorAll('iframe[data-secret=\"'+t.secret+'\"]'),o=l.querySelectorAll('blockquote[data-secret=\"'+t.secret+'\"]'),c=new RegExp(\"^https?:$\",\"i\"),i=0;i<o.length;i++)o[i].style.display=\"none\";for(i=0;i<a.length;i++)s=a[i],e.source===s.contentWindow&&(s.removeAttribute(\"style\"),\"height\"===t.message?(1e3<(r=parseInt(t.value,10))?r=1e3:~~r<200&&(r=200),s.height=r):\"link\"===t.message&&(r=new URL(s.getAttribute(\"src\")),n=new URL(t.value),c.test(n.protocol))&&n.host===r.host&&l.activeElement===s&&(d.top.location.href=t.value))}},d.addEventListener(\"message\",d.wp.receiveEmbedMessage,!1),l.addEventListener(\"DOMContentLoaded\",function(){for(var e,t,s=l.querySelectorAll(\"iframe.wp-embedded-content\"),r=0;r<s.length;r++)(t=(e=s[r]).getAttribute(\"data-secret\"))||(t=Math.random().toString(36).substring(2,12),e.src+=\"#?secret=\"+t,e.setAttribute(\"data-secret\",t)),e.contentWindow.postMessage({message:\"ready\",secret:t},\"*\")},!1)))}(window,document);\n\/\/# sourceURL=https:\/\/dessein-architectes.com\/wp-includes\/js\/wp-embed.min.js\n\/* ]]> *\/\n<\/script>\n","thumbnail_url":"http:\/\/dessein-architectes.com\/wp-content\/uploads\/2025\/12\/Mise-en-avant-PEARL-scaled.jpg","thumbnail_width":1706,"thumbnail_height":2560,"description":"Logements collectifs de standing \u00e0 \u00c9vian-les-Bains : une r\u00e9sidence face au Lac L\u00e9man, au pied du golf Implant\u00e9e \u00e0 \u00c9vian-les-Bains, au plus pr\u00e8s du golf et avec une vue directe sur le Lac L\u00e9man, cette op\u00e9ration de logements collectifs haut de gamme propose une architecture contemporaine tourn\u00e9e vers le paysage. Le projet se compose de [&hellip;]"}

Logements collectifs de standing à Évian-les-Bains : une résidence face au Lac Léman, au pied du golf Implantée à Évian-les-Bains, au plus près du golf et avec une vue directe sur le Lac Léman, cette opération de logements collectifs haut de gamme propose une architecture contemporaine tournée vers le paysage. Le projet se compose de [&hellip;]
